 the highest common factor of a and 22?
22
Let z(r) be the second derivative of 0 - 1/6*r**4 + 2*r - r**2 - 3/20*r**5 - 1/2*r**3. Let i be z(-3). What is the highest common divisor of i and 28?
14
Let v(w) = -2*w - 43. Let h be v(-23). What is the highest common divisor of h and 6?
3
Suppose 6*g = 112 + 56. What is the greatest common factor of 14 and g?
14
Let u be (-3 - 3)/2 + 31. Calculate the greatest common factor of 252 and u.
28
Let o(a) = -2*a - 2. Let x(c) = -c**3 + 5*c**2 + 6*c - 3. Let k be x(6). Let l be o(k). What is the greatest common divisor of 32 and l?
4
Let o = -25 - -42. Let h be (-5334)/(-105) - (4/5 - 1). Calculate the greatest common factor of h and o.
17
Suppose -w = -2 - 1. Suppose w*h + l - 86 + 33 = 0, -4*l + 86 = 5*h. Suppose -2*x - 99 = -279. Calculate the greatest common divisor of x and h.
18
Let u be (4 - 5/(-5)) + -1. Let d be (-12)/(-2)*1 + -2. What is the greatest common divisor of d and u?
4
Let d = 2 + -2. Suppose 0 = 4*v - d*v - 8. Let z be (-36)/16*(-8)/3. Calculate the highest common divisor of v and z.
2
Let k = 5 + -7. Let u = k + 5. Suppose 0 = 2*v + u*o + 3, -2*v = v + 4*o + 2. Calculate the greatest common factor of v and 9.
3
Suppose 4*y = -2*i + 271 + 423, -2*i + 2*y = -706. Calculate the highest common factor of i and 39.
39
Let u = -7 - -37. Calculate the highest common divisor of 50 and u.
10
Suppose -8 - 37 = -3*k. Calculate the highest common factor of 20 and k.
5
Let m = -14 + 33. Let c(t) = 75*t + 2. Let d be c(2). Calculate the highest common factor of d and m.
19
Suppose -18*v + 32 = -16*v. What is the highest common divisor of 16 and v?
16
Let t be -3 + 11 + 0 + -5. What is the greatest common factor of t and 24?
3
Suppose 2*w - 8 = -0*w. Let r = -4 + 6. Let a = w - r. Calculate the greatest common divisor of a and 4.
2
Let n be 2/((-1)/(-3)*2). What is the greatest common divisor of n and 1?
1
Suppose -5*o = 5*v - 35 - 30, -3*v + 38 = 2*o. Let x be (-54)/v*4*-2. Calculate the greatest common factor of x and 12.
12
Let m be 1/3 + 264/72. Calculate the highest common divisor of 4 and m.
4
Let k = 61 + -39. Let m = k + -11. Calculate the greatest common divisor of m and 99.
11
Suppose -760 + 232 = -8*z. Calculate the greatest common factor of 6 and z.
6
Suppose 0 = 2*s + 4*h - 36, 49 = 3*s + h + 4*h. Let x be 6/3*(2 + s). Let k(j) = 9*j**2 - 4*j + 2. Let m be k(2). What is the highest common divisor of x and m?
10
Suppose -m + 6 + 27 = 0. Calculate the greatest common divisor of m and 33.
33
Let x = 12 - 2. Let d(c) = c**2 - c + 1. Let n be d(2). Let v be (-32)/(-6) + n/(-9). What is the greatest common divisor of x and v?
5
Let u(l) = -l**2 - 9*l - 9. Let z = -6 + 0. Let n be u(z). Calculate the greatest common factor of n and 18.
9
Let o = -66 + 98. Calculate the greatest common divisor of o and 4.
4
Let x be (-2)/7 + 2/7. Suppose 2*j - 4*d - 3 = -1, x = -4*j + 4*d + 24. Let w be 2*55*3/6. Calculate the highest common factor of w and j.
11
Let y(v) = 10*v**2 + 2*v + 6. Let h be y(-3). Calculate the greatest common divisor of 18 and h.
18
Let x(t) = -3*t**3 + t**2 + t + 1. Let k be x(-1). Let g(c) = c**3 - 5*c - 3. Let j be g(k). Let z = j - 15. Calculate the highest common divisor of 39 and z.
13
Suppose -84 = -5*q - q. What is the greatest common factor of 49 and q?
7
Let t be -3 - ((-9)/27)/((-1)/(-219)). What is the greatest common factor of t and 14?
14
Let z = -118 + 139. Let h = 14 - 7. Calculate the highest common factor of z and h.
7
Let p(q) = -q**3 - 1. Let g be p(-2). Let u = g - 5. Let w(r) = 5*r**2 - 3*r + 1. Let h be w(u). What is the greatest common factor of h and 10?
5
Suppose 2*z + 2*z = -16. Let p = z - -10. What is the greatest common divisor of p and 6?
6
Let h = 4 + 11. Calculate the highest common divisor of 165 and h.
15
Let n be (-15)/(-2) - 4/(-8). Suppose -5*u = 5*d - 130, n - 130 = -5*u - d. What is the highest common factor of u and 8?
8
Suppose u = 4 + 3. Let o = u + -3. Suppose 3*s - 3 = -o*a, -5*a = 2*s + 3 - 12. Calculate the greatest common factor of 6 and a.
3
Let j = 53 + -19. Calculate the greatest common divisor of j and 17.
17
Suppose -5*g = 3*l - 15, 0 = 5*g + 7 + 8. Let o be 294/9 + l/(-15). What is the greatest common divisor of o and 48?
16
Suppose 3*x = 2*x + 49. Let o(k) = 2*k - 11. Let j be o(9). What is the highest common factor of x and j?
7
Suppose -49 - 41 = -3*k + 3*i, -4*k - 4*i = -96. Let f = k - 16. What is the highest common divisor of 121 and f?
11
Suppose 2*b + 86 - 396 = 0. Calculate the greatest common divisor of 31 and b.
31
Let k(x) be the second derivative of -5*x**5 - x**2/2 + 3*x. Let l be k(-1). Calculate the greatest common divisor of 11 and l.
11
Let b = 4 - -4. Let u = -6 + b. What is the highest common divisor of 3 and u?
1
Let n(w) = -w - 2*w**2 + 7*w**2 + w**2. Let x be n(1). What is the highest common divisor of 10 and x?
5
Suppose 0*r - r + 26 = 4*v, -5*v + 82 = 4*r. Let t be 8/36 + 964/36. Calculate the highest common divisor of r and t.
9
Let h be -10 - -8 - -23*1. Let v = -8 + h. Calculate the highest common divisor of 117 and v.
13
Let i = 51 - 29. Let f = 12 + 21. What is the greatest common factor of i and f?
11
Let x = -106 - -116. Calculate the highest common divisor of x and 250.
10
Let n = -12 + 45. What is the greatest common factor of 55 and n?
11
Let s(q) = 2*q. Let j be s(-2). Let w be 12/j*(-12)/9. What is the greatest common factor of 16 and w?
4
Let h = 9 - 19. Let s(p) = -p**2 - 10*p + 5. Let y be s(h). Suppose -y*n + 42 + 18 = 0. What is the highest common factor of 4 and n?
4
Let b(r) = r**3 + 7*r**2 + 11*r + 6. Let s be b(-4). What is the greatest common divisor of s and 40?
10
Suppose 3*j + 198 = 5*j. Calculate the highest common factor of 11 and j.
11
Let q(d) = d**3 - 2*d**2 - d. Let l be q(-3). Let s = l - -67. Suppose -s = 4*j - 9*j. Calculate the highest common divisor of j and 45.
5
Let y(l) = l**2 - 11*l - 17. Let x be y(14). Calculate the highest common factor of x and 10.
5
Let w be (-2)/((-5)/(-6) - 1). Let l be ((-5)/3)/(2/w). Let x = 11 - l. Calculate the greatest common divisor of x and 7.
7
Suppose 3*w - 5*w = -254. Suppose -2*l + w = -65. Suppose -3*r = 15, 13 = 4*x + 4*r - 15. Calculate the greatest common factor of l and x.
12
Let c(p) = -p**3 - 12*p**2 - 5*p + 22. Let l be c(-12). Calculate the greatest common divisor of l and 123.
41
Let m be -3 + (-13)/((-65)/120). Calculate the highest common divisor of 231 and m.
21
Let k(i) be the third derivative of 3*i**4/8 - i**2. Let y be k(6). What is the highest common divisor of 18 and y?
18
Suppose -4 = -5*f + 576. Suppose q + 22 = 4*d - f, 101 = 3*d - 2*q. Calculate the greatest common divisor of 5 and d.
5
Suppose 2*q + 9 = -5*b + 24, 3*q - 13 = 2*b. Let x be 0*(b - 0) - -1. What is the highest common factor of x and 3?
1
Suppose v + j = -4*j - 10, j = 5*v + 102. Let a = v - -12. Let c = a - -36. Calculate the highest common divisor of c and 4.
4
Let f = -95 - -104. Calculate the highest common divisor of 45 and f.
9
Let p be 2/5 - (-4160)/(-25). Let m be ((1 - -1) + -39)*3. Let y = m - p. What is the greatest common divisor of 5 and y?
5
Let b(w) be the first derivative of -w**4/4 - 2*w**3/3 + 5*w**2/2 + 6*w + 2. Let k be b(-4). Calculate the highest common divisor of k and 2.
2
Suppose -2*b + a + 9 = 0, 23 = 4*b - 5*a + 2*a. Suppose 4*m - 45 = m - 3*p, b = 2*p. Calculate the highest common divisor of 70 and m.
14
Suppose f = -1 + 4, 6 = -3*q + 5*f. Suppose 0 = q*n - 2 - 16. Let j = 57 - 33. Calculate the greatest common divisor of n and j.
6
Let p be (-8)/(-2)*20/(-16). Let q = p + 4. Let t be q/2 + (-50)/(-4). What is the highest common divisor of 3 and t?
3
Let g(f) = 3*f - 10. Let s = 14 - 4. Let c be g(s). What is the highest common divisor of 10 and c?
10
Suppose 4*w = v + 2*v - 136, -4*v = 3*w - 148. What is the greatest common factor of v and 20?
20
Let s(j) = -4 + 2 + 2 + 20*j**2. Let y be s(1). Calculate the greatest common factor of 40 and y.
20
Let s be 0 + (1 - -6) + 0. Let z be 63/4 + s/28. What is the greatest common divisor of z and 64?
16
Let i(s) = s**2 + 5*s - 7. Let g be i(-7). Suppose -4*k = g - 3, -3*k - 3 = 4*f. Let c = 14 + f. What is the greatest common factor of c and 35?
7
Suppose -4*w + 11 = 3. 